{"id":54,"date":"2014-03-02T17:11:47","date_gmt":"2014-03-02T16:11:47","guid":{"rendered":"http:\/\/kuchen-rezepte-online.de\/?page_id=54"},"modified":"2014-03-02T17:14:04","modified_gmt":"2014-03-02T16:14:04","slug":"kuchen-rezepte","status":"publish","type":"page","link":"http:\/\/kuchen-rezepte-online.de\/wordpress\/kuchen-rezepte\/","title":{"rendered":"Kuchen Rezepte"},"content":{"rendered":"<p>Ein leckeres Kuchen Rezept ist das Highlight einer jeden Kaffee Runde. Ein selbstgebackener Kuchen \u00fcberzeugt nicht nur die G\u00e4ste sondern macht sich selber auch stolz. Ich backe f\u00fcr mein Leben gerne Kuchen und verw\u00f6hne damit mine Feunde, Familie uhnd auch Kollegen \ud83d\ude09 .\u00a0 Das backen von einem Kuchen geht einfacher als kochen. Es gibt ja unmengen von rezepte f\u00fcr Kuchen. Die meisten sind auch in Ordnung. Aber mir ist schon aufgefallen, dass so manches Kuchen Rezept, zum Beispiel aus einer Zeitschrift so gar nicht klappen wollte \ud83d\ude41 . Und ich habe schon ein wenig Erfahrung, dass ich bestimmt keine Fehler gemacht habe.<br \/>\nDeshalb m\u00f6chte ich hier im Laufe der Zeit meine besten Rezepte f\u00fcr leckere R\u00fchrteigkuchen, Apfelkuchen, K\u00e4sekuchen und Kuchen vom Blech zum besten geben.<br \/>\nDa werden Rezepte f\u00fcr schnelle Kuchen dabei sein oder auch einfache Rezepte f\u00fcr R\u00fchrkuchen, wie ein saftiger Nusskuchen deluxe (\u00dcbrigens mein Einstandskuchen hier \ud83d\ude42 ).<\/p>\n<p>Hier sind leckere Kuchen Rezepte:<\/p>\n<ul class=\"lcp_catlist\" id=\"lcp_instance_0\"><li><a href=\"http:\/\/kuchen-rezepte-online.de\/wordpress\/muffins\/\" title=\"Muffins\">Muffins<\/a>  <\/li><li><a href=\"http:\/\/kuchen-rezepte-online.de\/wordpress\/kuchen-aus-dem-kuehlschrank-statt-aus-dem-backofen\/\" title=\"Kuchen aus dem K\u00fchlschrank statt aus dem Backofen\">Kuchen aus dem K\u00fchlschrank statt aus dem Backofen<\/a>  <\/li><li><a href=\"http:\/\/kuchen-rezepte-online.de\/wordpress\/passende-kuchen-rezepte\/\" title=\"Wo die passenden Kuchen Rezepte finden\">Wo die passenden Kuchen Rezepte finden<\/a>  <\/li><li><a href=\"http:\/\/kuchen-rezepte-online.de\/wordpress\/ruehrteig-grundrezept\/\" title=\"R\u00fchrteig Grundrezept &#8211; Kuchen aus dem Kopf backen\">R\u00fchrteig Grundrezept &#8211; Kuchen aus dem Kopf backen<\/a>  <\/li><li><a href=\"http:\/\/kuchen-rezepte-online.de\/wordpress\/nusskuchen-super-deluxe\/\" title=\"Nusskuchen deluxe\">Nusskuchen deluxe<\/a>  <\/li><\/ul>\n","protected":false},"excerpt":{"rendered":"<p>Ein leckeres Kuchen Rezept ist das Highlight einer jeden Kaffee Runde. Ein selbstgebackener Kuchen \u00fcberzeugt nicht nur die G\u00e4ste sondern macht sich selber auch stolz. Ich backe f\u00fcr mein Leben gerne Kuchen und verw\u00f6hne&#46;&#46;&#46;<\/p>\n","protected":false},"author":1,"featured_media":0,"parent":0,"menu_order":0,"comment_status":"closed","ping_status":"open","template":"","meta":[],"_links":{"self":[{"href":"http:\/\/kuchen-rezepte-online.de\/wordpress\/wp-json\/wp\/v2\/pages\/54"}],"collection":[{"href":"http:\/\/kuchen-rezepte-online.de\/wordpress\/wp-json\/wp\/v2\/pages"}],"about":[{"href":"http:\/\/kuchen-rezepte-online.de\/wordpress\/wp-json\/wp\/v2\/types\/page"}],"author":[{"embeddable":true,"href":"http:\/\/kuchen-rezepte-online.de\/wordpress\/wp-json\/wp\/v2\/users\/1"}],"replies":[{"embeddable":true,"href":"http:\/\/kuchen-rezepte-online.de\/wordpress\/wp-json\/wp\/v2\/comments?post=54"}],"version-history":[{"count":7,"href":"http:\/\/kuchen-rezepte-online.de\/wordpress\/wp-json\/wp\/v2\/pages\/54\/revisions"}],"predecessor-version":[{"id":67,"href":"http:\/\/kuchen-rezepte-online.de\/wordpress\/wp-json\/wp\/v2\/pages\/54\/revisions\/67"}],"wp:attachment":[{"href":"http:\/\/kuchen-rezepte-online.de\/wordpress\/wp-json\/wp\/v2\/media?parent=54"}],"curies":[{"name":"wp","href":"https:\/\/api.w.org\/{rel}","templated":true}]}}